m + 9 = -m, 3*m = -b*n + 72. Calculate the highest common factor of n and 168.
21
Let i(u) = u + 29. Let x be (-513)/39 - 22/(-143). Let z be i(x). Let g(j) = 40*j**2 + j - 1. Let q be g(1). Calculate the greatest common divisor of z and q.
8
Let w(z) = -455*z**3 - 8*z - 7. Let s be w(-1). Let n = 778 - s. Calculate the highest common divisor of n and 46.
46
Suppose 104*p - 3522527 - 323393 = 0. Calculate the highest common divisor of 20 and p.
20
Let q be (-630)/(-245)*(206 - (-3)/(-1)). Calculate the highest common factor of 1102 and q.
58
Let t(g) = -25*g + 547. Let n be t(-23). What is the greatest common divisor of n and 264?
66
Suppose 4*k + 15 = 111. Let m be -13 - 270/(-24)*4. What is the highest common divisor of k and m?
8
Let q(f) = -3*f + 64. Let w be q(13). Suppose 634 + 116 = w*o. What is the greatest common divisor of o and 50?
10
Let n = -24 + 46. Let r(u) = -5*u**2 + 8*u + 6. Let d be r(5). Let c = 90 + d. What is the highest common factor of c and n?
11
Let p = -7 + 14. Suppose p = 2*j + 3. Suppose 0 = -j*w - 0 + 18. What is the greatest common factor of w and 45?
9
Let f be (((-9950)/(-30))/(-5))/((-2)/6). Suppose f = 9*o - 530. What is the greatest common divisor of o and 972?
81
Suppose 3*m - 63 = 3*c, 16*m - 17*m - 5*c = -33. Let j = -20 + m. Calculate the greatest common divisor of 6 and j.
3
Let w(c) be the third derivative of 11*c**4/24 - 19*c**3/6 + 62*c**2. Let a be w(3). Calculate the highest common factor of 6 and a.
2
Let c = -446 + 456. Suppose 13*k = c*k + 135. Calculate the greatest common divisor of 5 and k.
5
Let r = 83 + 93. Let y be r/32*2*1. Suppose -g + 6 = 5*u - 51, 2*u - 69 = -g. What is the highest common divisor of g and y?
11
Suppose -1217 + 1561 + 2053 = 141*a. Calculate the greatest common factor of a and 31586.
17
Suppose 5*o - 1076 = h, 204 = 8*o - 7*o - 3*h. Suppose 7*s - 3*s - o = 0. Calculate the greatest common divisor of 81 and s.
27
Let v be (-2569)/(-10) - 15/(-150). Let m = -222 + v. What is the greatest common divisor of 25 and m?
5
Let f be (-4)/((-8)/86) - (0 - 2). Let p(s) = -7 - s**3 + 2*s + s**2 + 2 + 2 + 3*s. Let a be p(-3). What is the greatest common factor of f and a?
9
Suppose 0 = 58*q - 57*q + t - 4, -q = -t - 6. Calculate the highest common factor of 2075 and q.
5
Let u(l) = 6 + 0*l - 3*l + 4*l + 4*l - 20*l**2 + 46*l**2. Suppose 0 = -3*f - 0*f - 9. Let a be u(f). What is the greatest common factor of 45 and a?
45
Let g = -34948 - -34970. Calculate the greatest common factor of 16 and g.
2
Let a be ((-75)/4)/(-5) - (-4)/16. Suppose 0 = -6*n + 26 + a. Suppose 4*g + 5*f = 162, -n*g + f + 76 = -141. Calculate the highest common divisor of 344 and g.
43
Let r = 12297 - 12291. What is the greatest common factor of 1119 and r?
3
Suppose -5*m - 8 = -3*r, -4*r + 35*m - 36*m = -49. Calculate the greatest common divisor of r and 5797.
11
Let z be ((-371)/(-21) - 15)*171. What is the greatest common factor of 360 and z?
24
Let m(d) = -d**3 + 8*d**2 - 19*d + 40. Let x be m(12). Let w = -568 - x. Calculate the highest common divisor of 84 and w.
28
Suppose 501 - 527 = -13*n. Let u be 95/19 + (1 - n). Suppose 144 = 5*l - z, -3*z + 6*z - 100 = -4*l. Calculate the highest common factor of u and l.
4
Suppose 6556593 + 1999383 = 264*k. Calculate the highest common divisor of k and 39.
39
Let t be 2/(-3) + 24/9. Let w = 1884 + -2661. Let m be 5/(-2) + w/(-42). Calculate the greatest common divisor of m and t.
2
Let g(s) = 3*s**3 - s**2 - 21*s + 55. Let w be g(3). Calculate the highest common factor of w and 1216.
64
Let f(v) = 3*v**3 - 39*v**2 + 9*v - 5. Let d be f(13). Let w(c) = -9 + 8*c - 8 + 9. Let o be w(5). What is the highest common divisor of o and d?
16
Let u(p) = p**2 + p - 7. Suppose 3*n + 20 = 4*r + 55, 4*r = -3*n - 5. Let o be u(n). Calculate the greatest common divisor of 253 and o.
23
Let k = -430 - -436. Let y be k/(-30) - 693/(-15). Let i = -7 + 30. Calculate the highest common factor of y and i.
23
Suppose -2*d = 60*n - 61*n - 86, -5*n + 54 = d. What is the greatest common divisor of 6006 and d?
22
Suppose -4*p - 20 = 0, 20 = -3*i + p - 11. Let m be ((-207)/6)/(i/152). Calculate the greatest common divisor of 23 and m.
23
Let y(i) = 293*i - 2390. Let k be y(57). Calculate the greatest common divisor of 11 and k.
11
Suppose -4*w + 0*d - 158 = 2*d, 4*w = -d - 157. Let v = w - -207. Calculate the greatest common factor of v and 21.
21
Let v be (-248)/62 - (-66 + 1)/(0 - -1). Calculate the greatest common divisor of 12017 and v.
61
Let x(r) = r**2 - 684*r + 4071. Let q be x(6). What is the greatest common divisor of 1747 and q?
1
Let a be (-1)/((-2)/332) + 0 + 63 + -68. What is the highest common factor of a and 69?
23
Suppose 7*g = -5*g - 6480. Suppose -4*j = -5*j + 18. Let d be g/(-243) + (-4)/j. What is the highest common factor of d and 22?
2
Let x = 2064 - -1915. What is the greatest common factor of 346 and x?
173
Let q(j) = -5*j**3 - 4*j**2 + j + 2. Let s be q(-2). Suppose -112 = -5*v + 583. Let r = v - 79. What is the highest common factor of s and r?
12
Suppose -4*o + 48 = 2*y - 36, -42 = -3*o - 5*y. Suppose 2*l = l - 5*v + 134, -3*v = 6. What is the greatest common factor of l and o?
24
Let b be (-2182)/(-22) - (-10)/(-55) - (-13 + 8). Calculate the highest common factor of 216 and b.
8
Suppose 0 = i - 0 + 2. Let c(q) = 130*q - 1. Let y be c(i). Let v be (-7)/(49/2) + y/(-7). What is the greatest common factor of 37 and v?
37
Let r = 8409 + -7725. Calculate the highest common divisor of r and 1116.
36
Let l be -2 - ((-2165)/5 + (-22)/(-11)). What is the highest common factor of 156 and l?
39
Suppose 5*d = -5*u + 2145, -2*d + u - 1037 = -1868. Suppose 0 = -2*w + 3*w - 336. Calculate the greatest common factor of d and w.
84
Let n(p) = 83*p - 71*p + 132*p + 147*p. Let t be n(3). Suppose m = a + 141, 5*m + a - t = -150. Calculate the highest common factor of 18 and m.
18
Let x(k) be the first derivative of 54*k**2 - 151*k + 2. Let q be x(6). Calculate the highest common divisor of q and 7.
7
Suppose 4*s - 1139 - 1827 = k, -2948 = -4*s - 2*k. Calculate the highest common divisor of s and 28.
4
Let t(f) = 76*f - 6828. Let u be t(91). What is the highest common factor of u and 759?
11
Suppose 4*o - 4*z - 12060 = 0, 5*o - 11375 - 3651 = -2*z. Calculate the greatest common factor of 658 and o.
94
Suppose -3*v + 246 = 3*s, -v = -3*s + 49 + 189. Let m be (-8)/(s/35)*-2. Calculate the highest common divisor of 35 and m.
7
Let s be 2*(99/(-45))/11 - 8402/(-5). Calculate the greatest common factor of s and 640.
80
Let y(o) = o**3 - 21*o**2 + 2*o + 33. Let i be y(21). Let l = 0 + 4. Suppose l*u - 60 = -0*u. What is the greatest common factor of u and i?
15
Suppose -4*g - 12 = 5*t, -g + 6 = -t - 0*g. Let b be ((-30)/25)/(t*3/150). Let u(l) = 45*l. Let k be u(3). What is the highest common divisor of k and b?
15
Let s(w) = 3897*w + 11699. Let u be s(-3). Suppose 3*h + h = 1312. Calculate the highest common factor of u and h.
8
Let q(i) = i**3 + 2*i**2 + 8*i - 6. Let z be q(3). Let y be (2 - 59)*(-7)/(z/6). Calculate the greatest common divisor of y and 190.
38
Suppose 2*n + c - 4*c = 34, -3*c = 4*n - 68. Let d(m) = -55*m + 5. Let p be d(-3). What is the highest common divisor of n and p?
17
Let m(t) = t**3 + 25*t**2 + 42*t - 74. Suppose 2*p - 59 = 3*o, 5*p - 16 = -o - 64. Let a be m(o). Calculate the greatest common divisor of a and 9.
9
Let m be 489 - 9/(-6)*120/36. Calculate the highest common divisor of m and 209.
19
Suppose -7*o + 304 + 305 = 0. Suppose 291 = 7*x - o. What is the highest common factor of 36 and x?
18
Let p = -197 + 241. Let f = 68 - p. Calculate the greatest common divisor of f and 54.
6
Let r = -4293 - -4358. Let v(s) = -2*s**3 - 2*s**2 - 2*s - 7. Let y be v(-2). Calculate the greatest common factor of y and r.
5
Let y(t) = -154*t**3 - 4*t**2 - 4*t + 23. Let q be y(-7). What is the highest common divisor of 27 and q?
27
Suppose -5*b - 2*c = -434, -138*c - 367 = -4*b - 133*c. Let i(v) = v**2 + v - 4. Let k be i(-4). What is the greatest common factor of k and b?
8
Let b = 1 - 10. Let v be b - (0 - (0 + 4)). Let x(c) = c**2 - 9. Let d be x(v). What is the highest common factor of 2 and d?
2
Let h be (1 - (-20)/(-25))/(1/5). Suppose -2*l - 2*t = 72, -4*l + 3*t - 1